z) = 4724*z - 581. Is m(11) a composite number?
False
Let a = 54607 - 8676. Is a prime?
False
Let z(v) = 229*v**2 - 6*v - 28. Suppose -i + 3 = 2*h + 10, 5*h = 2*i - 13. Is z(h) a prime number?
False
Let c be ((-14)/21)/(2/60*-2). Let i(a) = a**2 - 14*a + 40. Let v be i(c). Suppose 2*t + 3*t + 15 = 0, v = -2*u - 4*t + 536. Is u a prime number?
False
Is (((-702898)/(-35))/((-12)/(-15)))/(13/26) prime?
True
Suppose -36 = -7*l + 6. Suppose 44 = l*t + 14. Suppose -5*p - 196 - 20 = -d, t*d - 3*p - 970 = 0. Is d composite?
False
Let k(o) = -4454*o + 186. Is k(-8) a prime number?
False
Suppose -5*d + 0*d = -c - 3454, -5*d - 5*c + 3430 = 0. Let u be 9/(45/(-1550)) - -2. Let w = d - u. Is w a composite number?
True
Suppose -5*p + 4*p - 25990 = x, -5*p = 4*x + 129952. Is p/16*-2 + 2*1 prime?
True
Let w = -1475797 + 2399336. Is w a composite number?
False
Let j = 741 - 744. Is (14/(-35))/((1 + j)/33890) composite?
True
Suppose 44*g - 455910 = 41*g. Is 3 - g/(-4 - 3) a composite number?
False
Let q(d) = 74*d**3 + 2*d**2 + 86*d - 31. Is q(12) prime?
False
Suppose 2*x + 18083 = 3*h, -28*x + 27*x - 12056 = -2*h. Is h composite?
False
Suppose 0 = -7*k + 2 + 5. Let t be k + -5 + 16/4. Suppose t*y = y - 191. Is y prime?
True
Let z(d) = -103 - 144*d - 379*d - 53*d. Is z(-5) a composite number?
False
Let v(z) be the first derivative of 13*z**5/5 - z**4/24 + z**3/6 - 5*z**2/2 + 15. Let i(g) be the second derivative of v(g). Is i(2) a prime number?
False
Suppose -4*u + 25146 = -24*n + 26*n, u = 3*n + 6304. Suppose 6277 = m + w, -5*m + 5*w - u = -37644. Is m prime?
False
Suppose -7*m + 3*m = -3*j - 14023, 5*j = -2*m + 6979. Suppose -3*c = -i + m, -3*i = c - 2*c - 10482. Suppose 0 = 2*d + 5*d - i. Is d prime?
True
Let q = -463 + 466. Suppose 2*r + 584 = q*b - 10325, 3*r - 12 = 0. Is b prime?
False
Is 1/(-1 + 2)*(68678 + -9) a prime number?
True
Let b(f) = 12*f**2 - 10*f + 47 - 24*f**2 + 14*f**2. Is b(11) composite?
False
Let c = 61 + -57. Suppose -4*x - 2*o = -176 + 622, 3*x = c*o - 351. Let y = 1152 + x. Is y prime?
True
Let d = 49 - 129. Let l be (-2896)/d*(-1 + 6). Let p = l + 148. Is p a composite number?
True
Let m be (-7)/(-3) + 2/6*-1. Suppose -4*v = -m*o + v + 23574, 47096 = 4*o + 3*v. Is o a prime number?
True
Let y = 64 - 51. Suppose 0 = -7*c + y + 29. Suppose -r = 5*b - 32, 2*b + c = -0. Is r a composite number?
False
Let u(w) = 14*w**3 - w**2 - w + 1. Let n be (2 - 15/10)*2. Let k be u(n). Let m(s) = s**2 + 16*s + 2. Is m(k) a prime number?
True
Let n(s) = 1988*s**2 - 93*s - 7. Is n(-4) composite?
False
Let w = -1274 - -1940. Suppose -2*y = -2*m - 3106, y - 1191 = 2*m + 362. Let u = y - w. Is u prime?
True
Suppose 17*b - 22*b + 4*h - 42053 = 0, -4*b - 33649 = -h. Let r = 13811 + b. Is r a composite number?
True
Let y(v) = -2*v**2 - 33*v - 15. Let h be y(-14). Suppose -h = -2*u + 11. Is u composite?
True
Suppose 3*a - 63 = -2*o - 2*o, -3*a + 18 = o. Suppose 2*n + o = 7*n. Suppose 1172 = 3*d + i, -5*i + n + 22 = 0. Is d a prime number?
True
Suppose 2*t - 4*l = 6688 - 1112, -5*t - 3*l = -13914. Let v = -1313 + t. Is v composite?
False
Suppose -40*c + 29613 = -37*c. Is c a prime number?
True
Let r be 24/(-14)*(-14)/(-4). Let g(p) = p**3 + 8*p**2 + 11*p + 8. Let v be g(r). Is (-662)/(-3)*21/v a composite number?
False
Let s be (-16)/(-6) - 305/183. Is (7 + -8)/(((-3)/s)/13533) composite?
True
Suppose -5*n - 2 = -5*v + 3, -5*n = -v - 15. Suppose 10 = -v*m - 5*y, 4*y - y + 6 = -m. Is (97 - m)/(2 - 1) composite?
False
Is ((-6140)/21 - 174/609)*(-762)/4 a prime number?
False
Let y(c) = -92*c - 1. Let g(n) = -91*n - 1. Suppose 4*m + 3 + 4 = 3*k, -5*k = 5*m + 35. Let t(l) = m*y(l) + 5*g(l). Is t(-6) a prime number?
True
Is (-335749)/(-4) + -1 + 4998/168 + -31 composite?
True
Suppose 16 = -4*r - 0. Let i = -62 + 38. Is (-1)/r - (-2)/(i/(-3825)) prime?
False
Let i be (69/(-26) + (-60)/(-390))*-2. Suppose -5*u = i*m - 3280, 61*u - 64*u + m = -1980. Is u composite?
False
Suppose -19*k = 12*k + 1085. Let j = 8 + 2. Is (1 + -107)*k/j a composite number?
True
Let o = -56213 - -235035. Suppose -14*j + o = -13104. Is j a composite number?
False
Suppose 4*c = 5318 + 6522. Let s = c + -351. Is s prime?
True
Suppose -4*y - 3500 = -4*w, -3*y = 6*w - 4*w + 2645. Is 3/3*y/(-3) prime?
True
Suppose -13 + 21 = 8*l. Is ((966 - -2) + -1)/l a prime number?
True
Let x(r) = 24*r + 50. Let v be x(-12). Let m = 1635 + v. Is m composite?
True
Suppose 93 = -2*g + x - 14, -g - 5*x - 26 = 0. Let k = 1985 + g. Is k a prime number?
False
Let x(o) = -o**3 - 8*o**2 - 21*o - 4. Let b be x(-5). Suppose -2*j + b = -5*z, 0 = -5*j - 3*z + 9 + 118. Let h(i) = -i**3 + 25*i**2 + i + 6. Is h(j) composite?
False
Let q = -175 + 196. Is -1*(q*-219 + 2) prime?
True
Let q(d) = 7865*d**2 - 20*d - 10. Let o be q(-4). Suppose -17*z = z - o. Is z a prime number?
False
Let u(d) = -12*d + 6. Let x be u(-6). Let m = x - 202. Let j = m - -335. Is j prime?
True
Is (-2 + 3)/((-37)/(-21747083)) prime?
False
Is 7/(-28) + 61*135564/48 composite?
False
Let v be 2 + (-128)/(-72) + (-2)/(-9). Suppose -x - 18 = v*a - 2*a, -2*a = 5*x + 26. Is ((-2)/a)/((-10)/(-25880)) prime?
True
Suppose 0 = 5*b + 199 - 44. Let x = b + 41. Is (-10752)/(-30) + 1 - 4/x composite?
False
Let z(n) = 32 + 2*n - 12*n - 14*n - 5*n. Is z(-9) a prime number?
True
Let n = 1 + -4. Let k(l) = l - 15. Let v be k(6). Is -4 - -2 - (-243)/(v/n) composite?
False
Let v(r) = 3223*r**3 + 8 - 10*r - 4*r + 6*r. Is v(1) a composite number?
True
Is (-9)/45*-55 + 76904 prime?
False
Let j = 4226914 - 2552247. Is j prime?
True
Let i = -195 - -198. Let o(g) = 705*g + 38. Is o(i) composite?
False
Suppose -4*x + 3670 = -14814. Suppose -6*r + 7*r + h = x, 5*r = h + 23093. Is r prime?
False
Let j = 3832 + -2861. Is j prime?
True
Suppose 25563 = k + 4*u, -3*k - 25*u = -29*u - 76705. Is k prime?
False
Let k(x) = 245*x**3 - 5*x**2 - 21*x + 13. Is k(6) prime?
True
Let p be 892 + -3*4/4. Let q be 2*4*p/28. Suppose -q = -27*i + 25*i. Is i prime?
True
Let l = 7405 + -2881. Suppose -4*z + 40018 = 2*g, -z - 2*g + l + 5473 = 0. Is z a prime number?
True
Let c(i) = -i**3 - 7*i**2 - 11*i - 12. Let z be c(-6). Let r(v) be the second derivative of v**4/4 - 9*v**3/2 - 7*v**2/2 - 10*v. Is r(z) composite?
False
Let l = -90 - -147. Let m be (-18 + 0)*3002/l. Let x = 1395 + m. Is x prime?
False
Suppose 227*d - 4436856 = 1998367. Is d a composite number?
False
Let c(w) = 253*w - 57. Is c(32) prime?
True
Let h = 963 - -1519. Let n = 127 + h. Is n prime?
True
Suppose 2*t = 2*a + 36602, -13827 = 2*t + 5*a - 50429. Is t composite?
False
Suppose 5*u - 5*n + 295940 = 0, 2*u + 3*n + 177576 = -u. Let s be (2 + -4)/(20/u). Suppose 0 = -y + b + 1109 + 377, 4*y - s = -b. Is y composite?
False
Let d(n) = 128*n**3 + 19*n**2 + 10*n + 17. Let r(y) = 85*y**3 + 13*y**2 + 7*y + 11. Let c(p) = 5*d(p) - 8*r(p). Let b = 27 - 31. Is c(b) a prime number?
True
Suppose -264642 = 3*h - 4*c - 936451, -h + 223933 = -3*c. Is h prime?
True
Let q = 139938 + 426715. Is q a prime number?
True
Let n(o) = o**2 + o + 379. Let g = 50 + -38. Let c be (g/(-4) - -6) + -3. Is n(c) a prime number?
True
Let v be 51/(-8) - 12/(-32). Let j(y) = 40*y**2 + 6*y + 55. Is j(v) a prime number?
True
Suppose -5*o + 2*s + 1029733 = 0, -23*o + 2*s = -16*o - 1441631. Is o composite?
False
Suppose -14*b = -4*y - 18*b - 28, -13 = 4*y + b. Is (2 + 0 - -12598) + y + 5 composite?
True
Suppose -16 + 16 = -9*s. Suppose s = -10*f + 9*f + 24317. Is f a composite number?
False
Let w = 15391 - -8956. Is w a prime number?
False
Suppose 89*k - 65*k + 614856 = 0. Let c = 61770 + k. Is c prime?
True
Suppose -2*t + 364047 = -q, 364044 = -35*t + 37*t + 2*q. Is t a prime number?
False
Let q be (-6)/(-4)*(-56)/(-6). Suppose 228 - 567 = -3*b. Is b - (q/(-6) + 3/9) prime?
False
Let h(t) be the second derivative of -t**5/20 - 5*t**4/6 - 8*t**3/3 + 47*t**2/2 - 236*t. Is h(-21) composite?
True
Let r(o) = -7*o**2 + 2*o. Let l be r(-2). Let i = l - -34. Is ((-3633)/(-27)*3)/(i/6) composite?
True
Suppose -47*r + 64 = -43*r. Let y = 183 - r. Let b = y + -84. Is b composite?
False
Suppose 0 = -26*a + 40107 + 582593. Suppose 4781 = k + s + s, 5*k + s = a. Is k prime?
False
Let y = -925087 + 2781674. Is y a composite number?
True
Is 156571235/1705 + 36/(-22) prime?
False
Let t(d)